r?
False
Is 2189 composite?
True
Is 1372727 prime?
True
Is 81059 a composite number?
True
Is 1206941 a composite number?
False
Is 126137 a composite number?
True
Is 2179 a prime number?
True
Is 21041 composite?
True
Is 35023 a composite number?
False
Is 81919 a prime number?
True
Is 116135 a prime number?
False
Is 904441 composite?
False
Is 125347 composite?
True
Is 7226 a composite number?
True
Is 7573 a prime number?
True
Is 205481 composite?
True
Is 3683 a composite number?
True
Is 9511 a prime number?
True
Is 3686318 composite?
True
Is 38585 a composite number?
True
Is 9913 a prime number?
False
Is 7717 composite?
False
Is 183907 composite?
False
Is 12889 a composite number?
False
Is 9181 composite?
False
Is 24271 a composite number?
True
Is 63521 a composite number?
False
Is 1151 prime?
True
Is 403483 a composite number?
False
Is 7121 composite?
False
Is 105751 prime?
True
Is 211 a composite number?
False
Is 35693 a composite number?
True
Is 92611 composite?
True
Is 72367 composite?
False
Is 12421 a composite number?
False
Is 347 a composite number?
False
Is 48239 a prime number?
True
Is 48371 prime?
True
Is 281351 composite?
True
Is 13637 composite?
True
Is 103693 composite?
True
Is 878 a prime number?
False
Is 313829 composite?
False
Is 1988411 composite?
False
Is 1657505 prime?
False
Is 644291 a composite number?
False
Is 188107 prime?
True
Is 11969 a composite number?
False
Is 3761 a composite number?
False
Is 1847 prime?
True
Is 23599 a prime number?
True
Is 6397 composite?
False
Is 78899 composite?
True
Is 8962 a composite number?
True
Is 417509 composite?
False
Is 1086557 composite?
False
Is 15097 prime?
False
Is 19451 a prime number?
False
Is 107171 a prime number?
True
Is 4201 composite?
False
Is 43805 a prime number?
False
Is 25577 composite?
False
Is 671401 prime?
True
Is 160309 composite?
False
Is 113151 composite?
True
Is 66335 a prime number?
False
Is 3061 a composite number?
False
Is 4508431 composite?
False
Is 205167 prime?
False
Is 314749 a prime number?
False
Is 143387 a prime number?
True
Is 339833 composite?
True
Is 195961 prime?
False
Is 2234819 composite?
True
Is 67523 a prime number?
True
Is 23951 prime?
False
Is 1007081 a prime number?
True
Is 48563 composite?
False
Is 116183 composite?
True
Is 3766141 a prime number?
True
Is 253153 a composite number?
False
Is 115823 a composite number?
False
Is 5167 a prime number?
True
Is 2794907 prime?
True
Is 125059 composite?
True
Is 194665 a prime number?
False
Is 182443 composite?
False
Is 652403 a prime number?
False
Is 2887 prime?
True
Is 26309 a composite number?
False
Is 490199 prime?
False
Is 53741 a prime number?
False
Is 336757 a composite number?
False
Is 279311 prime?
True
Is 9206 a prime number?
False
Is 93643 a composite number?
True
Is 1919897 prime?
False
Is 16979 prime?
True
Is 8887 a composite number?
False
Is 112766 a composite number?
True
Is 2617 a composite number?
False
Is 84121 prime?
True
Is 202789 prime?
False
Is 121333 composite?
False
Is 117163 prime?
True
Is 121 a prime number?
False
Is 39901 a composite number?
False
Is 2057587 a prime number?
False
Is 3907 a composite number?
False
Is 6617 a prime number?
False
Is 90577 composite?
True
Is 85597 prime?
True
Is 25303 prime?
True
Is 21211 a composite number?
False
Is 741401 prime?
True
Is 3419 a prime number?
False
Is 20779 prime?
False
Is 50459 prime?
True
Is 103837 a composite number?
False
Is 438169 composite?
False
Is 483895 a composite number?
True
Is 7063 composite?
True
Is 70723 a composite number?
True
Is 208205 prime?
False
Is 314326 a prime number?
False
Is 1785401 prime?
True
Is 234673 prime?
True
Is 31877 prime?
False
Is 51329 a composite number?
False
Is 86809 composite?
True
Is 16013 a composite number?
True
Is 11553 prime?
False
Is 191899 composite?
False
Is 90169 a prime number?
False
Is 232241 composite?
True
Is 16441 prime?
False
Is 47053 a prime number?
False
Is 4621 a composite number?
False
Is 43223 a composite number?
False
Is 2941 prime?
False
Is 487589 prime?
True
Is 14009 prime?
True
Is 496733 a prime number?
True
Is 1477 a prime number?
False
Is 2051 composite?
True
Is 2073 a composite number?
True
Is 71561 a prime number?
False
Is 96289 composite?
False
Is 1457 composite?
True
Is 5209 composite?
False
Is 14757 a prime number?
False
Is 3244441 a prime number?
True
Is 22783 a prime number?
True
Is 1932983 composite?
True
Is 8779 composite?
False
Is 64423 prime?
False
Is 73001 composite?
True
Is 33379 a composite number?
True
Is 443119 composite?
True
Is 4373 a prime number?
True
Is 25549 composite?
True
Is 51505 prime?
False
Is 17063 composite?
True
Is 31001 prime?
False
Is 7079 composite?
False
Is 1375483 composite?
True
Is 975551 a composite number?
False
Is 46082 composite?
True
Is 3883 a composite number?
True
Is 136649 prime?
True
Is 10133 composite?
False
Is 19013 a prime number?
True
Is 89467 a composite number?
True
Is 4193 a composite number?
True
Is 13913 a prime number?
True
Is 193651 a composite number?
True
Is 11269 a prime number?
False
Is 193417 composite?
True
Is 539717 a composite number?
True
Is 117427 a composite number?
False
Is 24391 a prime number?
True
Is 294947 prime?
True
Is 674927 composite?
True
Is 7411 composite?
False
Is 30103 a composite number?
False
Is 72599 prime?
False
Is 126809 a prime number?
False
Is 4302502 a prime number?
False
Is 19103 a prime number?
False
Is 2376439 prime?
False
Is 108571 a composite number?
False
Is 68806 prime?
False
Is 86591 prime?
False
Is 211147 prime?
False
Is 37171 composite?
False
Is 107438 prime?
False
Is 155327 a composite number?
False
Is 463003 a prime number?
True
Is 38623 a prime number?
False
Is 13385 composite?
True
Is 40459 a prime number?
True
Is 182797 prime?
False
Is 78053 prime?
False
Is 425587 a prime number?
False
Is 5774 composite?
True
Is 601589 composite?
False
Is 38501 a composite number?
False
Is 6013 prime?
False
Is 4253 a prime number?
True
Is 70973 prime?
False
Is 119855 prime?
False
Is 176929 composite?
True
Is 447 a composite number?
True
Is 92623 composite?
False
Is 171007 a composite number?
False
Is 15959 a prime number?
True
Is 35067 composite?
True
Is 67291 composite?
True
Is 9983 a prime number?
False
Is 32537 a prime number?
True
Is 22757 a prime number?
False
Is 70283 a composite number?
True
Is 37717 a prime number?
True
Is 286478 a prime number?
False
Is 2483 a composite number?
True
Is 3027 a composite number?
True
Is 196103 composite?
True
Is 187631 composite?
False
Is 14009 composite?
False
Is 2863 prime?
False
Is 2179 composite?
False
Is 15037 a composite number?
True
Is 15761 a composite number?
False
Is 18779 a composite number?
True
Is 52147 composite?
False
Is 592157 prime?
True
Is 908227 a composite number?
True
Is 2999 a prime number?
True
Is 607583 prime?
True
Is 362629 a composite number?
False
Is 127909 a prime number?
False
Is 68041 composite?
False
Is 33149 a prime number?
True
Is 3831 a composite number?
True
Is 282643 prime?
False
Is 145226 composite?
True
Is 129449 composite?
False
Is 4043267 a composite number?
True
Is 14439 a prime number?
False
Is 127637 a prime number?
True
Is 358349 a composite number?
False
Is 1763603 composite?
False
Is 5513 composite?
True
Is 30133 a prime number?
True
Is 340741 prime?
False
Is 26135 composite?
True
Is 39359 composite?
False
Is 137791 composite?
False
Is 614267 a prime number?
True
Is 1175479 composite?
False
Is 253 prime?
False
Is 8923 a composite number?
False
Is 1969 prime?
False
Is 24611 prime?
True
Is 2061041 composite?
False
Is 20571 a prime number?
False
Is 148705 a prime number?
False
Is 1837 prime?
False
Is 187283 prime?
False
Is 1383 a prime number?
False
Is 17033 a prime number?
True
Is 119027 composite?
False
Is 960331 composite?
False
Is 20369 composite?
False
Is 12959 a composite number?
False
Is 228203 a composite number?
False
Is 43261 prime?
True
Is 76247 composite?
True
Is 12839 a prime number?
False
Is 250777 prime?
True
Is 230081 prime?
True
Is 3983033 a composite number?
False
Is 9073 composite?
True
Is 18553 a composite number?
False
Is 186271 a prime number?
True
Is 146191 a prime number?
True
Is 242033 prime?
False
Is 7997 composite?
True
Is 227782 a prime number?
False
Is 19717 prime?
T